 thousands digit of 1189885?
8
What is the units digit of 14729323?
3
What is the hundred thousands digit of 320870?
3
What is the thousands digit of 53408?
3
What is the tens digit of 10481789?
8
What is the thousands digit of 8287667?
7
What is the hundreds digit of 625631?
6
What is the thousands digit of 228660?
8
What is the millions digit of 4150397?
4
What is the tens digit of 3796039?
3
What is the ten thousands digit of 85292?
8
What is the thousands digit of 25174665?
4
What is the tens digit of 23040570?
7
What is the millions digit of 4311942?
4
What is the thousands digit of 138824?
8
What is the millions digit of 5408373?
5
What is the thousands digit of 29980?
9
What is the hundred thousands digit of 982084?
9
What is the tens digit of 86208?
0
What is the hundred thousands digit of 1420258?
4
What is the ten millions digit of 13852530?
1
What is the tens digit of 4920026?
2
What is the units digit of 3668619?
9
What is the units digit of 116650?
0
What is the hundred thousands digit of 1309945?
3
What is the ten thousands digit of 1465080?
6
What is the hundreds digit of 2100255?
2
What is the ten thousands digit of 1234130?
3
What is the ten thousands digit of 18105802?
0
What is the hundred thousands digit of 13859794?
8
What is the millions digit of 19625614?
9
What is the thousands digit of 51381?
1
What is the units digit of 159865?
5
What is the thousands digit of 305680?
5
What is the ten millions digit of 22666716?
2
What is the thousands digit of 5929629?
9
What is the millions digit of 4816676?
4
What is the units digit of 1589689?
9
What is the millions digit of 25327870?
5
What is the hundred thousands digit of 6377032?
3
What is the thousands digit of 168746?
8
What is the hundred thousands digit of 3640738?
6
What is the millions digit of 1521718?
1
What is the units digit of 266188?
8
What is the thousands digit of 14959968?
9
What is the ten thousands digit of 601420?
0
What is the thousands digit of 13377349?
7
What is the millions digit of 2482697?
2
What is the thousands digit of 887020?
7
What is the tens digit of 375436?
3
What is the millions digit of 11111959?
1
What is the ten thousands digit of 74376?
7
What is the tens digit of 3220170?
7
What is the hundreds digit of 60715?
7
What is the tens digit of 284609?
0
What is the hundreds digit of 26444587?
5
What is the units digit of 1424870?
0
What is the tens digit of 380871?
7
What is the millions digit of 2048947?
2
What is the hundreds digit of 245631?
6
What is the thousands digit of 389654?
9
What is the thousands digit of 57733?
7
What is the hundred thousands digit of 9567653?
5
What is the ten thousands digit of 6837796?
3
What is the thousands digit of 9456101?
6
What is the tens digit of 1332218?
1
What is the hundreds digit of 284927?
9
What is the thousands digit of 68368?
8
What is the tens digit of 100975?
7
What is the hundreds digit of 486148?
1
What is the hundred thousands digit of 252889?
2
What is the thousands digit of 1096491?
6
What is the ten thousands digit of 3841749?
4
What is the thousands digit of 11673867?
3
What is the ten millions digit of 13519652?
1
What is the units digit of 293797?
7
What is the thousands digit of 47405?
7
What is the ten millions digit of 10294982?
1
What is the tens digit of 1572403?
0
What is the millions digit of 4627081?
4
What is the thousands digit of 10780485?
0
What is the ten thousands digit of 175891?
7
What is the tens digit of 1340732?
3
What is the hundred thousands digit of 320791?
3
What is the tens digit of 248224?
2
What is the thousands digit of 1680762?
0
What is the thousands digit of 15443489?
3
What is the units digit of 12212833?
3
What is the ten millions digit of 17853223?
1
What is the hundred thousands digit of 3974610?
9
What is the hundred thousands digit of 3605827?
6
What is the millions digit of 1135674?
1
What is the thousands digit of 91051?
1
What is the hundred thousands digit of 521029?
5
What is the tens digit of 360649?
4
What is the millions digit of 2595272?
2
What is the units digit of 1154398?
8
What is the tens digit of 5935503?
0
What is the thousands digit of 4852953?
2
What is the units digit of 11310009?
9
What is the hundreds digit of 54521?
5
What is the hundred thousands digit of 2337317?
3
What is the hundreds digit of 594234?
2
What is the ten thousands digit of 3778960?
7
What is the millions digit of 2673932?
2
What is the tens digit of 102723?
2
What is the hundred thousands digit of 187788?
1
What is the hundred thousands digit of 364355?
3
What is the ten millions digit of 10114691?
1
What is the hundreds digit of 25786608?
6
What is the tens digit of 4229515?
1
What is the hundred thousands digit of 5962981?
9
What is the thousands digit of 9293837?
3
What is the hundreds digit of 24484717?
7
What is the ten thousands digit of 96231?
9
What is the hundreds digit of 367174?
1
What is the ten thousands digit of 490780?
9
What is the ten thousands digit of 484910?
8
What is the millions digit of 2748667?
2
What is the hundreds digit of 2057?
0
What is the units digit of 1978333?
3
What is the hundred thousands digit of 870764?
8
What is the ten thousands digit of 1973646?
7
What is the hundreds digit of 1149892?
8
What is the millions digit of 5074493?
5
What is the units digit of 167690?
0
What is the units digit of 3045964?
4
What is the millions digit of 13527261?
3
What is the hundred thousands digit of 8326034?
3
What is the units digit of 133293?
3
What is the units digit of 263521?
1
What is the millions digit of 2273514?
2
What is the units digit of 600324?
4
What is the units digit of 3395146?
6
What is the tens digit of 210929?
2
What is the tens digit of 195580?
8
What is the hundreds digit of 778979?
9
What is the hundreds digit of 14208960?
9
What is the ten thousands digit of 814931?
1
What is the ten thousands digit of 8998861?
9
What is the hundreds digit of 348389?
3
What is the ten thousands digit of 4707703?
0
What is the thousands digit of 356767?
6
What is the units digit of 3642673?
3
What is the tens digit of 297191?
9
What is the tens digit of 25842812?
1
What is the ten thousands digit of 17685453?
8
What is the millions digit of 2307303?
2
What is the ten thousands digit of 755607?
5
What is the thousands digit of 944514?
4
What is the thousands digit of 2681963?
1
What is the tens digit of 1954866?
6
What is the thousands digit of 3090610?
0
What is the ten thousands digit of 10401861?
0
What is the units digit of 1651203?
3
What is the thousands digit of 10424?
0
What is the ten thousands digit of 84727?
8
What is the units digit of 3158918?
8
What is the hundreds digit of 2791505?
5
What is the ten thousands digit of 130530?
3
What is the ten thousands digit of 312647?
1
What is the ten thousands digit of 664092?
6
What is the tens digit of 1594932?
3
What is the units digit of 55464?
4
What is the hundreds digit of 3200668?
6
What is the tens digit of 518252?
5
What is the thousands digit of 1388182?
8
What is the units digit of 194442?
2
What is the units digit of 4333372?
2
What is the hundreds digit of 20076920?
9
What is the hundreds digit of 161185?
1
What is the hundreds digit of 49452?
4
What is the thousands digit of 1157130?
7
What is the ten thousands digit of 135653?
3
What is the ten thousands digit of 51012?
5
What is the units digit of 3499287?
7
What is the thousands digit of 13769475?
9
What is the hundreds digit of 927954?
9
What is the thousands digit of 362663?
2
What is the tens digit of 2330814?
1
What is the units digit of 64962?
2
What is the thousands digit of 2089017?
9
What is the millions digit of 3433657?
3
What is the hundreds digit of 117417?
4
What is the units digit of 165352?
2
What is the hundred thousands digit of 254261?
2
What is the tens digit of 276924?
2
What is the hundreds digit of 262968?
9
What is the hundred thousands digit of 2687095?
6
What is the units digit of 9370351?
1
What is the hundred thousands digit of 699201?
6
What is the units digit of 3421488?
8
What is the hundreds digit of 255166?
1
What is the tens digit of 7976505?
0
What is the tens digit of 1232463?
6
What is the hundreds digit of 114222?
2
What is the ten thousands digit of 1427124?
2
What is the